4
Evaluate (-2 - 2) + -4 + 5.
-3
2 + (-5 - -5) + -3
-1
Evaluate -2 - -10 - (-21 - -8 - -22).
-1
0 - (1 + -1) - -1
1
What is the value of -1 - ((58 - 55) + (5 - 0))?
-9
What is (12 - 28 - -4) + 21?
9
Calculate -8 - (-6 + -5 + 9).
-6
What is the value of -2 - (-2 + -2 - -1)?
1
2 - 0 - (-17 - -17) - 6
-4
What is the value of -2 + -1 + -17 + 38 + -15?
3
Calculate 5 + -3 + 2 + -5 - 0.
-1
What is the value of -3 + (5 - 0) + -3?
-1
4 + -2 + (6 - 5)
3
Calculate -2 + 8 + -4 + 0 + 4.
6
Calculate 15 + -17 + 9 - 10.
-3
5 + 5 + (2 - 20) + 4
-4
Evaluate -2 - (4 + (-4 - -2)).
-4
Evaluate (-4 - -8) + -4 - (-16 - -22).
-6
Calculate 0 - (-4 + 3 + 3 - 2).
0
Evaluate 3 + -11 + 1 + 6.
-1
-1 + -3 + (7 + -5 - 4)
-6
What is the value of -3 + (-3 + 5 + -5 - -11)?
5
What is 6 + 11 + -14 + (0 - 0)?
3
5 - (5 + 2 + 0)
-2
Calculate -3 + -1 - (2 + -7).
1
What is -1 + -1 + (27 - 25)?
0
What is (-3 - -8) + -3 + -2?
0
What is the value of (11 - 24 - (3 + -10)) + -4?
-10
Evaluate (-50 + 46 - (2 - 1)) + 6.
1
What is the value of -8 + 16 + -5 + 1 + -2?
2
(-3 - 0) + 11 - 3
5
4 - 1 - 2 - 2
-1
Evaluate 14 + -18 - (-14 + 11).
-1
Calculate 6 + (-2 - -2) + 2 - -3.
11
What is -9 - (-1 + 1 + -52 + 50)?
-7
What is the value of (-13 - -16) + (2 - 1) + 1?
5
Evaluate -29 + 24 - (-14 - -2).
7
What is -5 - -5 - -3 - -3?
6
Evaluate -2 + -9 + 15 + -6.
-2
What is the value of -8 - -3 - (-6 + 2 + 1)?
-2
Calculate (2 - 7) + (3 + -2 - -2).
-2
Evaluate 0 - ((8 - 5) + -5) - 1.
1
6 + -13 + 8 + 0
1
What is the value of -7 + (12 - 2) - 0?
3
What is 10 + (0 + 5 + -10 - 1)?
4
Evaluate (-4 - 3) + (-1 + -4 - -10).
-2
What is the value of -9 + 0 + 4 + 9?
4
What is 7 + -16 + -2 - -5?
-6
Calculate -10 + -2 + 10 - (1 + 2).
-5
Calculate 2 - (2 - (1 - (7 + -2))).
-4
Calculate -149 - -157 - (-1 - 0).
9
What is the value of 3 - -8 - 6 - (10 - 1)?
-4
Calculate 2 + -10 + (1 - -2).
-5
Calculate (3 - -3) + -1 - 4 - 0.
1
Evaluate (-3 - (2 + -7)) + 0 + 3.
5
-1 - (-1 - (-1 - -2)) - 1
0
What is (-5 - 10) + 8 + 2?
-5
8 - ((-1 - (4 + 0)) + 8)
5
0 + (8 - (17 + -9))
0
Evaluate 8 + (-4 - 3) + 3.
4
What is -1 + (7 - 3) + (-7 - 0)?
-4
What is (6 - 1) + (-2 - -5)?
8
Calculate 8 + -7 - -11 - 6.
6
Calculate (1 - 4) + (6 - (-3 - -3)).
3
What is -2 - -3 - (6 - -1)?
-6
What is the value of 2 + -3 - -4 - (9 + -5)?
-1
-5 - (-1 + -4 - 1) - 2
-1
-4 + 1 - (3 + -12)
6
What is the value of 3 + -2 + -1 - (-4 + 7)?
-3
Evaluate (-4 - 0) + 8 + (2 - 1).
5
What is the value of -2 - (-6 + 4 - -5)?
-5
Calculate 5 + 5 + -1 - (9 + -3).
3
What is -23 - -27 - (0 - 1)?
5
Calculate -4 + (-2 + -1 - -8).
1
What is the value of -4 + (6 - 3) + 0?
-1
What is the value of -1 - (-6 + 9 + 0 + -1)?
-3
Evaluate 3 - 6 - (1 + -1 + -4).
1
Calculate -7 + (-4 + 1 - -4 - -4).
-2
What is -1 - (3 - 0) - -2?
-2
Calculate -1 - (-2 - 1) - (-225 + 222).
5
1 - (0 + 4 + (-4 - 4))
5
Calculate -8 + 5 + 10 + -2.
5
Evaluate -7 + (2 - (-7 - -3)) + -3.
-4
Evaluate (3 - 2) + (5 - (16 - 6)).
-4
What is the value of -3 + 4 + (0 - 6)?
-5
(23 - (3 - -4)) + -11
5
Calculate 0 - (15 - 10) - (-2 + 1).
-4
Evaluate (-3 - -7) + 7 + -17.
-6
What is the value of -6 + (5 - 0) - (-4 + 6)?
-3
Calculate -3 + (-1 - 1) - (10 + -16).
1
-7 + (-6 - (3 + -17))
1
(4 - 0) + -1 - (8 + -2)
-3
What is 1 + 3 + 96 + -100?
0
Calculate 5 + 5 + -13 + 5.
2
Evaluate 1 + 4 + -7 + 10 + -5.
3
Calculate -5 - (1 + -4 + 1).
-3
4 - (-9 - (-9 + -12))
-8
Evaluate -1 + (0 - 3) - 0.
-4
0 - (6 - 3) - 0
-3
What is -3 + -1 + 1 + -1 + 1?
-3
(-95 - -105) + (-1 - 6)
3
Evaluate 4 + -1 - (5 - 5).
3
What is the value of -6 - (-1 + (-1 - 0)) - 0?
-4
Evaluate (8 - (0 + 7 + -5)) + 0.
6
What is the value of -9 - -13 - (-3 - 0) - 4?
3
What is the value of -5 + (7 + -2 - 1) + 6?
5
Calculate (1 - 2) + (-5 - (-18 - -9)).
3
What is -6 - (-4 - 2) - -5 - 9?
-4
Evaluate 4 + (0 - (-1 + 4) - -3).
4
Calculate (10 - 4) + -10 + 0.
-4
What is the value of (5 - 11 - -2) + 6 - 5?
-3
-6 - 1 - (-32 - -24)
1
What is the value of 72 + -68 - (-3 - (-2 - -1))?
6
What is the value of (-8 - -2) + (3 - 1) + 9?
5
Evaluate 4 - 2 - 1 - 0.
1
Calculate -42 - -41 - (2 - 0).
-3
Evaluate 2 + (-3 - (-4 - -3)) + -2.
-2
1 - (3 + -12 + 10 + -4)
4
Evaluate -5 - (-11 - 4) - 3.
7
Evaluate -1 + -2 - -2 - 4.
-5
What is the value of (0 - -5) + 4 + -5 + 0?
4
Evaluate 1 - -1 - -1 - 2.
1
-7 - (6 + 0 + -10)
-3
Calculate 8 + (-13 - (-7 - -1)).
1
Evaluate -7 - -1 - (-2 + 2 + -3).
-3
Calculate -2 + (-4 + 2 - -8).
4
7 + 4 + -1 + -5
5
What is the value of -3 - (5 - (1 + 10 + -1))?
2
(6 - 3 - 4) + -3
-4
Calculate -1 + (-1 - 3 - -3).
-2
Calculate -12 + 13 + (0 - -1).
2
What is 11 + -12 + 6 - 12?
-7
What is 0 - (1 - (4 - 0))?
3
What is -18 + (13 - (-6 + 8))?
-7
What is the value of (31 - 43) + (3 - -3)?
-6
What is 63 + -48 - (0 - -6)?
9
(1 - 0) + (-15 + 4 - -15)
5
Calculate 0 + (2 + -2 + -1 - 0).
-1
Calculate (14 - 9) + (0 - 4).
1
Evaluate (17 - (15 + -9)) + -19.
-8
Evaluate 3 + (-5 - 2) - -9.
5
Calculate (-2 - -3) + 0 - (-7 + 6).
2
Evaluate -4 - (-83 - -81 - (3 + 1)).
2
What is the value of (51 - 57) + -2 + 10?
2
6 - (20 - (-8 - -3 - -11))
-8
What is 4 + 2 + 2 + 7 + -5?
10
What is -3 + 1 + 10 - 3?
5
(5 - (-5 - -12)) + 11 + -5
4
Calculate 4 + (-3 - -4) + 1.
6
What is (-23 - -20) + (1 - -1 - -2)?
1
What is (-2 - 1) + (3 - -5)?
5
Evaluate 5 - (-10 - -10) - 2.
3
Calculate -93 + 89 - (-8 + 1).
3
Evaluate 7 - ((3 - 4) + 11 + -2).
-1
8 + -7 + -6 - -5 - -6
6
Calculate (0 - 4) + (-2 - -5) - 4.
-5
Evaluate 4 - (5 - 3) - (2 - -1).
-1
Evaluate 16 - 1 - (234 - 214).
-5
Calculate -3 + 4 + (2 + -1 - 1).
1
Calculate (11 - (3 + 0)) + 0 + -3.
5
Evaluate 2 + -12 - -14 - 10.
-6
What is the value of 4 + -3 - -1 - (0 + -2)?
4
5 - (1 - -3) - (12 - 4)
-7
(2 - -1) + 0 - (0 + 1)
2
What is -1 - ((4 - 6) + 3)?
-2
What is the value of (25 - 22) + -1 + (-4 - 0)?
-2
-8 + 4 + -1 - -8
3
Calculate -8 + (2 - (16 + -12)).
-10
Calculate 3 - -1 - 3 - (0 + 2).
-1
-2 + -1 - (-4 - -5 - 3)
-1
What is the value of (-5 - -8 - 4) + (-1 - -3)?
1
What is the value of 1 - (5 - 3 - 1) - 6?
-6
What is 0 + 0 - (-10 - -7)?
3
What is the value of (-57 - -54) + (0 - 1) - 0?
-4
Evaluate 4 + (-4 - (4 + -2 + -4)).
2
Evaluate -2 + (4 - (4 - 6 - -3)).
1
Evaluate (4 - -14 - 21) + (1 - 2).
-4
What is (4 - -2) + 1 + -3?
4
(5 - 8) + (8 - 4)
1
Evaluate -4 - (8 - (-2 + 9)).
-5
4 + -7 + 4 + -4 + -1
-4
Evaluate -5 - (0 - (3 + -2 - -2)).
-2
Calculate 3 - (-1 - -7) - -4.
1
-2 + 10 - ((-6 - 1) + 7)
8
-1 - -3 - -5 - 5 - -3
5
What is the value of -4 - (0 + -4 + 3 + -3)?
0
Calculate -6 - (16 + -27 - (-2 - 2)).
1
What is the value of (-5 - (3 + (-1 - 0))) + -1?
-8
Evaluate (-3 - (-11 + 6)) + -6.
-4
Evaluate 18 + -15 - (4 - 9).
8
What is the value of (1 + 3 - 1) + -4?
-1
Calculate (-3 - ((4 - -2) + -5)) + -4.
-8
-7 + (-4 - (-5 + -6))
0
What is 8 - (-12 + 22) - (-1 - -1)?
-2
What is the value of -6 - ((-1 - 4) + 3)?
-4
What is the value of (5 - (14 + -6)) + 1 + 2?
0
What is 3 - (5 + -4) - 9?
-7
Evaluate (-3 - -3) + -2 - 4 - -5.
-1
What is the value of 6 + -1 + (13 - 18)?
0
What is the value of 0 + (-5 - -3) + 0 + 1?
-1
What is (-3 - -15 - (27 - 18)) + -4?
-1
What is (1 - -3) + -4 + -4 + 11?
7
What is the value of 10 - 12 - (-2 + 0)?
0
Calculate 5 - (5 - 4) - 5.
-1
Evaluate 7 - (-1 - -1) - (-75 + 76).
6
1 + 4 + 4 + -3
6
What is 5 + -7 + -5 + 5?
-2
(-29 - -29 - (-2 - 1)) + -8
-5
What is the value of (0 - 4) + (12 - 10)?
-2
8 - (-8 - (-17 - (-2 + 0)))
1
Evaluate (-4 + 13 - 4) + -2.
3
(-8 - -13) + (-4 - -3)
4
3 + 1 - (-1 + 4 + 0)
1
Evaluate -7 - ((-5 - -3) + 0 + -2).
-3
Calculate -6 - ((20 - 21) + -1 + -4).
0
Evaluate 5 + -2 + -5 + 5.
3
What is (-62 - -47) + (1 - -7)?
-7
What is ((-4 - 2) + 2 - -3) + 4?
3
Evaluate (-1 - -4) + 6 + -6.
3
4 - 8 - (-2 + -4)
2
Calculate -56 + 69 - (9 + 1).
3
What is (3 - 3 - -4) + 2 - 15?
-9
What is the value of -6 + (13 - (25 - 12))?
-6
What is the value of -6 - (2 + (-6 - -8 - 8))?
-2
0 - (-1 + (1 - 5))
5
Evaluate -9 - (-2 + (-1 - 0)) - 2.
-8
What is the value of -1 + -12 + (-3 - 2) + 12?
-6
Evaluate (-1 - -1) + (1 - 4) - -7.
4
What is the value of 0 + 0 + 1 - 1?
0
-4 - (0 - 2 - -3)
-5
Evaluate 2 - (0 + 5 + 3) - -2.
-4
What is the value of 6 - ((2 - 2) + 3)?
3
Calculate 10 + 2 + -6 + (-4 - 6).
-4
Evaluate (5 - 8) + (-6 - -4 - -4).
-1
What is the value of -6 - (-7 - 4 - -2)?
3
What is the value of (0 + 1 - 0) + -19 + 17?
-1
(3 - 3) + 0 + (-5 